t is the greatest common factor of 1510 and 17482780?
1510
What is the highest common factor of 44 and 214126?
22
What is the highest common divisor of 165974 and 322?
2
Calculate the greatest common divisor of 2322 and 144414.
18
Calculate the greatest common divisor of 529407 and 117174.
177
What is the highest common factor of 63 and 9288769?
7
What is the highest common divisor of 1740 and 251550930?
870
What is the highest common divisor of 28395549 and 9144?
1143
What is the greatest common divisor of 88441230 and 310?
10
Calculate the greatest common factor of 1647899 and 205337.
121
Calculate the greatest common divisor of 1865720376 and 8.
8
What is the greatest common divisor of 237 and 45254913?
237
Calculate the highest common factor of 32132 and 502343655.
8033
What is the greatest common divisor of 5925699 and 5421?
39
What is the greatest common factor of 387685 and 1632?
17
Calculate the highest common divisor of 198592080 and 240.
240
Calculate the greatest common divisor of 5350 and 9198790.
1070
What is the highest common factor of 1235459400 and 1800?
600
Calculate the highest common divisor of 664 and 195152.
8
What is the greatest common divisor of 1063506 and 1347?
3
Calculate the highest common divisor of 8340 and 1333980.
60
Calculate the greatest common factor of 3143 and 18964413.
449
Calculate the highest common factor of 677 and 3757647203.
677
What is the greatest common divisor of 6086124 and 470?
94
What is the greatest common divisor of 612 and 34238493?
153
Calculate the highest common factor of 64470 and 69846.
42
Calculate the highest common factor of 556 and 197762.
2
Calculate the greatest common factor of 180 and 180293220.
180
Calculate the greatest common factor of 99 and 18739424.
11
Calculate the highest common factor of 32290413 and 138.
69
What is the greatest common divisor of 52104125 and 375?
125
What is the greatest common divisor of 1165 and 7486523?
233
Calculate the greatest common factor of 11 and 990968.
11
Calculate the greatest common factor of 41521077 and 117.
117
What is the highest common divisor of 4975 and 128525?
25
What is the greatest common divisor of 11009 and 862439?
101
Calculate the highest common factor of 53366564 and 1028.
1028
What is the greatest common divisor of 5149485 and 233398?
1133
What is the highest common factor of 1073800 and 572845?
455
What is the greatest common divisor of 3301083 and 9?
9
Calculate the highest common factor of 5470 and 134770.
10
What is the greatest common divisor of 8694 and 90607902?
966
Calculate the highest common factor of 20579589 and 11745.
2349
Calculate the greatest common divisor of 2592 and 114672.
48
What is the highest common divisor of 4307017 and 143?
143
Calculate the greatest common factor of 516700264 and 185.
37
What is the greatest common factor of 21749199 and 6?
3
What is the highest common factor of 2160601 and 8591?
71
What is the highest common factor of 1290 and 639640050?
1290
Calculate the highest common factor of 323863596 and 54.
54
What is the greatest common divisor of 168692 and 4467076?
932
Calculate the greatest common factor of 110 and 539374055.
55
What is the greatest common factor of 10 and 6869384?
2
Calculate the greatest common factor of 208896 and 264840960.
13056
Calculate the greatest common divisor of 52 and 1763242.
26
What is the greatest common factor of 100 and 18224880?
20
Calculate the highest common divisor of 197455 and 62721.
2323
Calculate the greatest common factor of 4830885 and 3.
3
What is the greatest common divisor of 28539 and 4627848?
453
Calculate the highest common factor of 1297016 and 588616.
1288
What is the highest common divisor of 172 and 652244468?
172
Calculate the greatest common divisor of 97572 and 8475962.
346
What is the highest common divisor of 30368305 and 2035?
2035
Calculate the greatest common factor of 14481398 and 690.
46
Calculate the highest common factor of 8408 and 376.
8
Calculate the highest common divisor of 2381541 and 1199.
109
Calculate the highest common factor of 2561 and 591197.
197
What is the highest common divisor of 358083 and 1023?
33
What is the highest common factor of 247953 and 30?
3
Calculate the highest common factor of 1029138 and 98588.
1006
What is the greatest common divisor of 28431 and 162851?
13
Calculate the greatest common divisor of 2519241 and 6951.
993
What is the greatest common divisor of 39650 and 329888?
1586
What is the greatest common factor of 920256 and 426?
6
What is the highest common divisor of 136514750 and 750?
250
What is the greatest common factor of 60218497 and 25906?
12953
Calculate the greatest common divisor of 1937475 and 450.
225
Calculate the greatest common factor of 242 and 5908712.
2
What is the greatest common divisor of 4788084 and 325752?
588
What is the highest common divisor of 461974 and 4?
2
Calculate the greatest common divisor of 1111684 and 71.
1
What is the highest common factor of 2181540 and 49440?
6180
Calculate the greatest common divisor of 1316400 and 17040.
240
Calculate the highest common factor of 708 and 11297928.
12
Calculate the greatest common divisor of 119091 and 145937514.
17013
Calculate the greatest common divisor of 90 and 15522885.
45
What is the greatest common divisor of 2178 and 387134?
22
Calculate the highest common divisor of 39833196 and 494.
494
What is the greatest common factor of 61373676 and 84?
84
What is the greatest common factor of 237 and 996542103?
237
Calculate the highest common divisor of 344041 and 67646.
149
What is the highest common divisor of 60555828 and 232?
116
Calculate the highest common divisor of 33940456 and 1771.
253
What is the highest common factor of 44 and 82747852?
44
What is the greatest common factor of 49068 and 2211444?
1692
What is the highest common divisor of 1885696 and 88?
8
What is the highest common factor of 39 and 11076975?
39
Calculate the highest common factor of 282 and 239483001.
141
Calculate the highest common factor of 566251 and 3297.
7
Calculate the greatest common divisor of 6 and 46340142.
6
What is the highest common factor of 2563049 and 899?
899
What is the highest common divisor of 39972447 and 16245?
3249
What is the highest common factor of 155715 and 50925?
105
Calculate the highest common factor of 1012 and 415784501.
253
What is the greatest common divisor of 96870799 and 4039?
577
What is the highest common factor of 828 and 583190208?
828
What is the highest common divisor of 3177823 and 121?
121
Calculate the highest common factor of 735 and 109185867.
147
What is the highest common factor of 58515 and 1139025?
15
What is the highest common factor of 66127893 and 2382?
1191
Calculate the highest common divisor of 49444 and 62980.
188
What is the highest common factor of 1363635 and 2665?
65
What is the highest common factor of 10034907 and 57?
57
What is the highest common factor of 800 and 418790800?
400
What is the greatest common divisor of 191936 and 14896033?
2999
What is the greatest common divisor of 33111 and 22059284?
3679
What is the highest common factor of 5941780 and 2860?
260
Calculate the highest common divisor of 179732 and 10.
2
Calculate the greatest common factor of 1416 and 294550184.
472
What is the highest common factor of 12474 and 91259?
7
Calculate the highest common factor of 135475032 and 8.
8
Calculate the greatest common divisor of 10491600 and 3120.
240
Calculate the greatest common factor of 104664460 and 10.
10
Calculate the greatest common divisor of 5589 and 26339094.
1863
Calculate the highest common factor of 288 and 358404.
12
What is the greatest common divisor of 482 and 35121412?
482
Calculate the greatest common divisor of 1223852 and 10025.
401
What is the greatest common factor of 56079 and 60233?
2077
What is the highest common divisor of 2134885 and 1095?
365
Calculate the highest common divisor of 691483 and 3504421.
1237
What is the highest common divisor of 125 and 4182725?
25
What is the greatest common factor of 20087706 and 564?
282
Calculate the highest common divisor of 88880740 and 77740.
5980
What is the highest common factor of 5090 and 1489965160?
5090
Calculate the greatest common divisor of 534383916 and 34.
34
What is the 